 17. Let w be g(17). Let i be 2*(-2)/(-16) + w/68. Suppose 0 = 2*f + 3*f - y - i, -41 = -2*f - 5*y. What are the prime factors of f?
2, 7
Let o(g) = 57*g**3 + 2*g**2 + 2*g - 3. Let a be o(1). Suppose a = 16*r - 38. List the prime factors of r.
2, 3
What are the prime factors of 122/61 - 2*4 - -2558?
2, 11, 29
Let p be 594*((-4)/(-8) - 0). Let s = p - -4. List the prime factors of s.
7, 43
Suppose 14 = 5*g + a - 5, 4 = a. Let z = 2 + g. Suppose 10*y - 275 = z*y. What are the prime factors of y?
5, 11
Let z(d) = d**3 + 9*d**2 + 7*d - 1. Let w = 3 + 42. Suppose -3*b - 6*b - w = 0. What are the prime factors of z(b)?
2
Let m(a) = -2037*a**3 + 4*a**2 + 20*a + 17. What are the prime factors of m(-1)?
2, 1019
Suppose 62808 = 4*r + 13*i - 17*i, -4*r + 3*i = -62812. What are the prime factors of r?
2, 7853
Let a(b) = 9*b + 346. Let y be a(-38). Suppose 2*m + 3500 = y*o, -49*o + m - 2630 = -52*o. List the prime factors of o.
2, 3, 73
Let w(b) = -b**2 + 14*b + 32. Let o = -101 + 117. Let h be w(o). Suppose h = -12*s - 482 + 2666. What are the prime factors of s?
2, 7, 13
Let v = 29 + -13. Suppose -5*c = -4*g + 36, 5*g = -2*c + 29 + v. Suppose n - 65 = 5*w, -3*w - 3 + g = 0. List the prime factors of n.
3, 5
Suppose -6*c + 3*c = -6. Let r be -2*c/(-4)*-116. List the prime factors of 1 + r/(-4)*2.
59
Let x(g) = 72*g**2 + 50*g - 194. What are the prime factors of x(5)?
2, 29
Suppose 90*f - 95*f + 3415 = 0. List the prime factors of 21/(-14) - f/(-2).
2, 5, 17
Let g(r) = -4*r**3 - 155*r**2 + r - 70. What are the prime factors of g(-40)?
2, 3, 5, 263
Suppose 15*z = 3*f + 17*z - 10323, -2*z = -4*f + 13778. List the prime factors of f.
11, 313
Let p be 5/(5/2)*(2 - 1). Suppose -1 = p*l - 11. Suppose -v + 7*k + 98 = 2*k, l*v - 490 = 3*k. List the prime factors of v.
2, 7
Let t(b) = b**3 + 9*b**2 + 8*b. Let m be t(-9). Let n be (3*158)/(-2)*19/57. Let h = m - n. What are the prime factors of h?
7
Suppose g - 2 = 2. Suppose g*c - 3*k = -4*k + 265, 0 = 5*k - 5. Suppose 0 = 4*x - 20, 2*u = 5*x + c + 43. List the prime factors of u.
67
Suppose 517236 = 89*c - 2175459. List the prime factors of c.
3, 5, 2017
Let o be 278/((-6)/6 - 1). Let n = o - -307. What are the prime factors of n?
2, 3, 7
List the prime factors of 3/(-2)*6051864/(-468).
7, 17, 163
Let q = -262 + 524. Suppose 0 = 257*g - q*g + 735. What are the prime factors of g?
3, 7
List the prime factors of ((-3)/4)/(((-675)/108660)/45).
3, 1811
Suppose 2*f - 5*v = -4, 5*v = -5*f + 3*v - 39. Let s(r) = 23*r**2 + 19*r + 9. What are the prime factors of s(f)?
17, 59
Let s = -363 + 369. Suppose -5*n - 4106 = -s*q + 3*q, -4*q = -5*n - 5473. What are the prime factors of q?
1367
Suppose 151*u = 139*u + 948. Suppose -5*n = -u*b + 77*b - 7806, 0 = b - 2. List the prime factors of n.
2, 11, 71
Let w = -12350 - -20374. What are the prime factors of w?
2, 17, 59
Let w be (-4)/(-14) - (-1462)/(-119). Let l be (3 + 44/w)/((-6)/27). What are the prime factors of (-198)/l*(-10)/15?
2, 11
Let f = -337 - -4798. List the prime factors of f.
3, 1487
Suppose 0 = 2*t + v - 103437, -v = -8*t + 4*v + 413685. What are the prime factors of t?
5, 10343
Suppose -5*f + 0*f + 920 = 0. Let s = 282 - f. Let r = s + -54. List the prime factors of r.
2, 11
Let f(c) = 58*c + 108. Let r be f(-5). Let m = r - -348. What are the prime factors of m?
2, 83
Suppose 5*w + 6 = 41. Suppose 3*d = 4*d - 348. Suppose 9*z - d = w*z. List the prime factors of z.
2, 3, 29
Suppose 2*t + 15 = 23. Suppose -t*d + 505 = -4*o - 239, 0 = d + 4*o - 191. What are the prime factors of d?
11, 17
Let j be (3*-1 - (-5)/3)*-18. Suppose d - 2*b = -6, 5*d + 4*b - j = 2. Suppose -108 - 184 = -d*x. What are the prime factors of x?
2, 73
Let y = -10 - -10. Suppose -6*x + 5*x + 77 = y. List the prime factors of x.
7, 11
Let h be 8366/4 + (-495)/(-110). Suppose 2*d - 2092 = -p, 2*p - h = d - 3*d. List the prime factors of d.
2, 3, 29
Let h(a) = -101*a - 6. Let d be h(-4). Let x be -3 + (2 - -1) - (-8 - -3). Suppose -x*b = k - 85, 5*k - d = 2*b - 0*b. What are the prime factors of k?
2, 5
Let p = 12269 - 4607. List the prime factors of p.
2, 3, 1277
Let z be -1 + 1 + (0 - -180). Suppose -7*j + z = -3*j. What are the prime factors of 14*j/40 + 1/4?
2
Suppose -538384 = -20*s - 47*s + 39*s. List the prime factors of s.
2, 11, 19, 23
Let z = 9061 + -4537. What are the prime factors of z?
2, 3, 13, 29
Suppose i = -c - 901 + 13643, -2*i = 5*c - 63731. What are the prime factors of c?
11, 19, 61
Suppose 52592*x = 52581*x + 279785. What are the prime factors of x?
5, 5087
What are the prime factors of 80 + -66 + 19*419?
5, 11, 29
Suppose 508463 = 36*y + 37*y + 50315. What are the prime factors of y?
2, 3, 523
Suppose y - 275*a - 520 = -272*a, -1548 = -3*y - 3*a. List the prime factors of y.
11, 47
Let w be (21/(-3))/((-2)/(-2)). Let i be ((-12)/w)/(-4*(-2)/1036). Suppose -31 = -u + i. What are the prime factors of u?
11, 23
Suppose 6*c + 5*i = 107826, -3*c + 50993 = -5*i - 2875. What are the prime factors of c?
2, 13, 691
Let q = 13380 + -8061. List the prime factors of q.
3, 197
Let t = -43875 - -68039. List the prime factors of t.
2, 7, 863
Let d = -400 + 403. Suppose 0 = -d*s + 114 + 921. What are the prime factors of s?
3, 5, 23
What are the prime factors of -22 + 19 + -874*(3 + -16)?
37, 307
Suppose 4*g - r - 19 - 3 = 0, -3*r = 5*g - 36. Suppose w + 3*v = -w + g, -3*w - 3*v + 12 = 0. Suppose -w*o = -12*o + 720. List the prime factors of o.
2, 3, 5
Let t(u) = -u**2 - 2*u + 32. Let w be t(-6). Suppose w*x - 1765 = -629. Suppose -s = -2*k - x, 0*s + s = 3*k + 146. List the prime factors of s.
2, 67
Suppose 82*m + d = 86*m - 20340, 0 = 4*m + 2*d - 20340. What are the prime factors of m?
3, 5, 113
Suppose -3*x + u + 180 = 0, 5*u - 414 + 114 = -5*x. Let a = 63 - x. Suppose a = 3*l - 4*l, -2*o - 2*l = -198. List the prime factors of o.
2, 3, 17
Suppose -15*w + 17100 = -5*w. Let r = w - 1210. List the prime factors of r.
2, 5
Let h(u) = u**3 - 4*u**2 - 20*u + 85. Let w be h(4). Suppose 2576 = 3*t - 2*j, w*t + 3*j = -2130 + 6436. List the prime factors of t.
2, 5, 43
Let x(j) = 2*j**3 - 13*j**2 + 3*j - 7. Let z be x(7). Suppose -z*m + 68*m = 3725. What are the prime factors of m?
5, 149
Let w = -201 + 205. Suppose -w*g = 3*t - 4651, -3*t - 3462 = -2*g - g. What are the prime factors of g?
19, 61
Suppose -366*s = -354*s - 102336. List the prime factors of s.
2, 13, 41
Suppose 3*q - 160*h - 62391 = -157*h, 0 = -5*q + h + 103985. List the prime factors of q.
7, 2971
Let c = 9151 + -4859. What are the prime factors of c?
2, 29, 37
Suppose -7*w = -0*w - 315. Let o = w - 35. Let r = 57 + o. List the prime factors of r.
67
Let m be ((-6)/8)/((-1)/4). Let r be ((-1)/(-7))/(9 + 496/(-56)). What are the prime factors of r + 2 + 150/m?
53
What are the prime factors of 2507550/225 - (-2)/(-3)?
2, 7, 199
Suppose 3*t - 23*t + 389989 = 69049. List the prime factors of t.
3, 1783
Let p(m) = -m**2 - 18*m - 25. Let s be p(-16). Suppose s*t = 8*t - 629. What are the prime factors of t?
17, 37
Let o(m) = 17*m**2 - 24*m - 81. List the prime factors of o(22).
19, 401
Suppose -3*t - 12 - 12 = 0. Let u be (-12)/t - ((-15)/(-6))/(-1). Suppose -u*d + 2*l + 416 = 0, 2*l - l - 4 = 0. What are the prime factors of d?
2, 53
Let t(j) = 4*j - 3. Let x be t(12). Suppose -3*k = -2*k - x. Let g = k + 61. List the prime factors of g.
2, 53
Suppose -32*v - 90040 = -52*v. List the prime factors of v.
2, 2251
Let o(t) = 17*t**2 + 3*t - 60. Suppose 21*p + 5*p - 208 = 0. List the prime factors of o(p).
2, 263
Suppose -27165 = -3*g - 0*k + 3*k, -5*g - k = -45311. What are the prime factors of g?
13, 17, 41
Suppose -412368 = -18*g + 8589 + 63153. What are the prime factors of g?
3, 5, 11, 163
Let u = -20 - 408. Let f be 0 + (-1 - 1) - u. Suppose -a = -7*a + f. List the prime factors of a.
71
Let m(f) = 4*f**3 - 14*f**2 + 29*f - 10. Let d(i) = 5*i**3 - 14*i**2 + 32*i - 12. Let w(j) = -5*d(j) + 6*m(j). List the prime factors of w(-19).
3, 19
Let y be 140/(-70) + (-1 - -3422). Suppose -6*s + 11*s - 4285 = -t, t = 4*s - y. What are the prime factors of s?
2, 107
List the prime factors of (485 + -593)*141/(-2).
2, 3, 47
Suppose -16477 = -i - 3*l, 3*i + 2*l + 29170 = 78629. List the prime factors of i.
11, 1499
Let q = -1 - -4. Suppos